(k) = d*h(k) + y(k). Let f(c) = c**2 + c + 1. Let i be f(-2). Give o(i).
-1
Let r = -7 + 11. Let q(x) be the first derivative of -2*x**2 - 3*x - 3844. What is q(r)?
-19
Let g(b) = b**2 + 5*b + 6. Let n be g(-4). Let h(z) = -222*z**2 + 219*z**2 - n + 0*z - 2*z. Give h(-2).
-10
Let c(p) = p. Let n(m) = m**2 - 8*m + 16. Let o be n(6). Suppose 6 + 17 = w - 4*h, 0 = o*w + 2*h - 2. Give c(w).
3
Suppose 0 = -2*t - 5*p + 14, 3*p - 31 = 5*t - p. Let a(o) = 2*o**2 - 2 - 5*o + 6*o**2 - 10*o**2. Determine a(t).
-5
Suppose -3*x = -c + 14, x - c + 1 = 3*c. Let h(k) be the third derivative of 22*k**2 + 2*k + 1/60*k**5 + 0 + 5/24*k**4 - 1/3*k**3. Calculate h(x).
-2
Let p(l) be the first derivative of l**4/4 - 4*l**3 + 6*l**2 + 6*l - 88. Determine p(11).
17
Suppose -6 = 2*u - 5*u. Let m(f) = 3*f + 3. Let i(b) = -2*b - 1. Let y(q) = u*m(q) + 5*i(q). Let x(t) = -70*t - 2799. Let s be x(-40). Calculate y(s).
-3
Let w(r) = r**3 + 6*r**2 + 2*r - 6. Let b(n) = n**2 + n - 1. Let z(u) = -4*b(u) + w(u). Determine z(3).
37
Let r(k) = -1. Let f(h) = -2*h**2 + 5*h - 10. Let v(p) = f(p) - 4*r(p). Give v(4).
-18
Let u(w) = -8 + 9 - w**3 - 5*w**2 + 1. Let o(q) = -4*q - 9. Let t be o(-1). Determine u(t).
2
Suppose 8 = -4*q - 4*r, 2*q + 0*r = 5*r - 25. Let p = q + 20. Let b be 5/(-4) + p/(-20). Let c(a) = -a**2 - a. What is c(b)?
-2
Let g = 17 - 15. Let z(y) = y + 7 + g*y - 4 - y. Give z(3).
9
Let y(g) = g**3 + 8*g**2 - 8*g + 10. Suppose -2*w = 4*i + 32, -52 + 11 = 5*i + 2*w. Give y(i).
1
Suppose -x = 3*x - 24. Let s(b) be the third derivative of -b**5/60 + 5*b**4/24 + 5*b**3/6 + 24*b**2 - b. What is s(x)?
-1
Let f = 56 + -53. Let m(v) = v**3 - 3*v**2 - v + 2. Let o be m(f). Let a(g) = -9*g + 1. Determine a(o).
10
Let y = -12 + 52. Suppose 0*v - 4*a - y = -4*v, 4*a = 8. Let w(z) = z**3 - 11*z**2 - 13*z + 13. Determine w(v).
1
Suppose n = -2*u - 3, -22 = 5*u + 2*n - 16. Let t(z) = -z**3 - z**2 - 3*z - 2. Calculate t(u).
-2
Let c(b) = b + 2. Suppose -3*f + 364 = -10*f. Let k = 44 + f. Calculate c(k).
-6
Suppose 0 = -4*a, 15*m - 17*m - a + 4 = 0. Let u(n) be the second derivative of 1/20*n**5 - 6*n - 7/2*n**m + 0*n**3 + 5/12*n**4 + 0. What is u(-5)?
-7
Let d be (-14)/(-5) + (3 - 28/10). Let s(m) be the third derivative of -1/12*m**4 + 0*m + m**2 + 0 - m**d. Calculate s(-5).
4
Suppose -b = 8 - 14. Let u(k) = 6*k + b*k - 7*k - 1. Determine u(-4).
-21
Suppose -q + 4 = 2. Let w(u) = -4*u**3 - 1 + 5 + 5*u**3 - 11*u**2 + 5*u**q + 6*u. Suppose 5*g = 4*j + 33, 5*g = -3*j - 11 + 30. Determine w(g).
9
Let m = 10 + -2. Let d(b) = 8 + 6*b + 2 + 8*b**2 + b**3 + m*b - 5*b. Determine d(-7).
-4
Let d(g) = 8*g**2 - 17*g + 2. Let v(c) = -4*c**2 + 16*c + 1. Let f(q) = -q**2 - 1. Let a(x) = -3*f(x) - v(x). Let b(z) = -7*a(z) + 6*d(z). Calculate b(9).
7
Let w(i) = -4*i - 6. Let r(p) = 7*p + 2*p - 10*p. Let c(m) = -r(m) + w(m). Suppose 0 = -5*l - 2*s - 28, -2*s - 3*s = -5*l. Give c(l).
6
Let x(r) be the first derivative of r**4/4 - 4*r**3/3 - 5*r**2/2 - 7*r - 28. Give x(5).
-7
Let g = 124 + -76. Let o be (160/g)/((-4)/6). Let d(u) = u**2 + 4*u - 5. Calculate d(o).
0
Let r(j) be the second derivative of 2*j**3/3 - 5*j**2/2 - 205*j. What is r(2)?
3
Let w(o) = o**3 + 6*o**2 - 6*o + 15. Let q be w(-7). Let k be q - (-5 - -1)*2/(-4). Let l(a) = a**2 - 7*a + 7. Calculate l(k).
1
Let n(r) = -5*r**2 + 574 - 574. Calculate n(-2).
-20
Let v(n) = 2*n**2 - 10*n - 3. Let b be v(5). Let q(p) be the second derivative of 2*p + 2/3*p**3 + 3/2*p**2 + 0. What is q(b)?
-9
Suppose -c - j - 3*j - 5 = 0, 0 = 2*c - j - 8. Let q(g) = -4*g. Determine q(c).
-12
Let x(d) = d**3 + 6 - 2*d**2 + 9*d**2 - 6*d - d. Suppose 18*v + 27 = -117. Calculate x(v).
-2
Suppose 130*c - 359 = 24 + 137. Let m(s) be the third derivative of -s**4/4 + s**3/3 + s**2. Calculate m(c).
-22
Let m(b) = 11 - 3 - 13*b + 12*b - 4. Give m(11).
-7
Let d(t) = -t**3 + 14*t**2 + t - 18. Let a = 78 + -64. Calculate d(a).
-4
Let s(z) = 7*z + 47. Let y be (-23)/((-230)/(-24))*5/2. Give s(y).
5
Suppose 3*z + 0*x + 27 = -3*x, 2*x = 3*z + 2. Let j(r) = -r**2 - 5*r + 1. What is j(z)?
5
Suppose 51 = 9*h - 93. Let s(m) = 20 + h - 66 + 24 - 4*m + m**2. What is s(5)?
-1
Let j(p) = -p**2 + 7*p - 2. Let o(c) = -c**2 + 7*c - 2. Let t(a) = 3*j(a) - 2*o(a). Give t(6).
4
Let w(d) = -5*d**3 + 2*d**2 + 2*d. Let m(s) = s**3 - s**2. Let q(f) = 3*m(f) + w(f). Let a be 2/((-1 + 9)/4 + -3). Give q(a).
8
Let z(v) = 40*v - 2 - 93*v + 57*v. Determine z(-4).
-18
Let l(r) be the first derivative of 3*r**2 + 3*r - 345. Determine l(-1).
-3
Let k(s) = -142*s - 24. Let i be k(-20). Let r(m) = m**3 - 2816 - 5*m**2 + i + 5*m. What is r(4)?
4
Let p(h) be the third derivative of 17*h**4/24 + 95*h**3/6 - 28*h**2 - 1. Determine p(-6).
-7
Let w(r) = 3*r**2 + 8*r + 41. Let s(b) = -4*b**2 - 10*b - 41. Let o(q) = -4*s(q) - 5*w(q). Let f(n) be the first derivative of o(n). Give f(2).
4
Let c(d) = 198*d - 400*d + 3 + 201*d + 5 - 4. Determine c(-3).
7
Let f = -139 - -139. Suppose 0 = 3*x + 4*j - 16 + 6, f = x - 3*j - 12. Let y(v) = -v + 4. What is y(x)?
-2
Let m(c) be the third derivative of c**6/120 - c**5/15 - c**4/4 - 12*c**2 - c. Let g = 2 + 3. What is m(g)?
-5
Suppose -2*n = 4*r + 14, -4*n + r = n + 2. Let h(j) = -13*j**2 - 3*j - 2. Calculate h(n).
-12
Let q(r) = 4*r + 3. Suppose -h - 3*m = -7, 2*h + 2*h - 4*m + 36 = 0. Let f(v) = 3*v + 2. Let k(b) = h*f(b) + 4*q(b). Calculate k(-3).
-1
Let t(i) = -i**2 + 7*i + 8. Let o = 65 + -43. Suppose -65*h = -86*h - 315. Let d = o + h. What is t(d)?
8
Let h(t) = t**3 - 7*t**2 + 10*t + 7. Let k(y) = -2*y**3 + 8*y**2 - 11*y - 8. Let b(s) = -3*h(s) - 2*k(s). Determine b(-6).
7
Let k(p) = -p**2 + 9*p - 9. Let n(m) = 2*m - 1. Let f(r) = k(r) - 6*n(r). What is f(-4)?
-7
Let o be (-4)/(-5) - (-210)/50. Let w(r) = -5*r**2 - 3*r - 1. Let x(b) = -6*b**2 - 4*b - 1. Let n(j) = o*w(j) - 4*x(j). Calculate n(3).
-7
Let n(b) be the first derivative of -b**3/3 + b**2/2 - 4. Suppose -4*c + c + 5*w + 4 = 0, 0 = 4*c + 4*w - 16. Give n(c).
-6
Let j(g) = -g**2 - 3*g. Suppose 5*f + 5*t + 40 = 0, 0*f - 5*f - 4*t - 35 = 0. Determine j(f).
0
Let y(t) = -7*t - 3. Let w(z) = -4*z - 1. Let a(r) = 5*w(r) - 3*y(r). Suppose 5*s = -0*s - 15. Let i = -8 - s. Determine a(i).
-1
Let v(k) be the first derivative of -k + 1/3*k**3 - 3*k**2 - 3. Suppose -48*y = -55*y + 35. Calculate v(y).
-6
Suppose -2*x + 14 = 6. Suppose -z - 3*z + 4*j - 12 = 0, 0 = z - x*j + 6. Let y(u) = 3*u + u**2 + 16836 + u - 16833. Give y(z).
-1
Let h(q) = -q**2 + 17*q - 26. Suppose 0 = -0*n + 6*n - 90. Let o be h(n). Let a(p) = 3*p - 2. Give a(o).
10
Suppose -7*u - 10 = -2*u. Suppose -c = p, -10 = -3*p - c + 3*c. Let l(o) = 19*o + p - 4*o - 12*o. Give l(u).
-4
Let w be (-81)/(8/(-32)*78) - 2/13. Let y(g) be the second derivative of g**5/20 - 5*g**4/12 + 2*g**3/3 - 3*g**2 + g. What is y(w)?
-6
Let t(f) be the third derivative of f**7/2520 + f**6/720 - f**5/120 + f**4/24 + 11*f**2. Let x(l) be the second derivative of t(l). Calculate x(-1).
-1
Let n(h) = -4*h**3 - 15*h**2 + 22*h + 12. Let y(x) = -4 - 2*x**2 - 7*x + x**3 + 7*x**2 + 0*x**2. Let b(t) = -2*n(t) - 7*y(t). Give b(4).
8
Let c be 16 + (1 - 4) - 1. Suppose c = -h + 14. Let o(a) = -2*a**3 + 2*a**2 + 2. What is o(h)?
-6
Let x(m) = -m. Let h be (-6)/(-4) - 1/2. Let c(s) = 25*s + 76. Let t(a) = 8*a + 27. Let f(n) = -6*c(n) + 17*t(n). Let l(b) = h*f(b) - 4*x(b). Determine l(2).
-17
Let t be 3 + 0 + 0/2 + 24. Suppose u = t - 24. Let p(j) = 2*j**2 - 6*j - 1. Let n(s) = -s**2 + 3*s + 1. Let r(m) = 5*n(m) + 3*p(m). Determine r(u).
2
Let i(c) be the third derivative of c**5/60 + c**4/6 - c**3/2 - 22*c**2 - 2. Give i(-6).
9
Let y be (-168)/(-448) - (-26)/16. Let g(a) = -a**3 + 2*a**2 - 2*a + 3. What is g(y)?
-1
Let y(b) = -b**3 - 7*b**2 + 9*b - 6. Let v(g) = -3*g**2 - 20*g - 20. Let w be v(-6). Calculate y(w).
-14
Let x(g) be the first derivative of g**3 + 3*g**2/2 - 4*g + 103. Suppose -l + 4*k = 6 + 5, 3 = -3*l - 3*k. What is x(l)?
14
Let y(r) = -2*r + 1. Let d = -64 + 68. Suppose -d*z + z + v + 18 = 0, -2*v = z + 1. Calculate y(z).
-9
Let v(k) = 3*k**2 - 3*k - 6. Let n(o) = o**2 - 1. Let p(q) = -4*n(q) + v(q). Let b = -169 - -167. Give p(b).
0
Let x(p) = 3*p + 7 + 204*p**2 + 12*p - 205*p**2. What is x(15)?
7
Let y(u) = -7*u - 119. Let p(o) = 11*o + 168. Let t(q) = 5*p(q) + 7*y